uppose -13*y = -10*y - 3573. Is y a composite number?
True
Let f(y) = 10*y - 20 + 3 + 0*y. Is f(10) a composite number?
False
Let z(y) = -30*y - 15. Let n(t) = 15*t + 8. Let a(d) = -7*n(d) - 4*z(d). Let f be a(3). Is (-14)/f + (-1665)/(-21) composite?
False
Let n = -31 + 36. Suppose -y + 3*y - 3*q = 1963, 0 = -n*y - 2*q + 4917. Is y a composite number?
False
Let s be (25/20)/((-2)/(-8)). Suppose s*l - 1165 = -130. Let x = 422 - l. Is x composite?
True
Let y(z) = -10811*z - 28. Is y(-1) a prime number?
False
Let s = -14 - -19. Suppose 2*l - 2*m - 2416 = 0, -s*m + 4859 = l + 3*l. Is l prime?
False
Let q = 352 + -243. Suppose -3*a - 5*h - 64 = 18, -4*a - 5*h = 106. Let y = a + q. Is y a prime number?
False
Let v = -140 - -93. Let i = -116 - v. Let f = 62 - i. Is f composite?
False
Let m(l) be the second derivative of l**7/1260 - l**6/144 - 17*l**5/120 - l**4/4 + 11*l. Let t(z) be the third derivative of m(z). Is t(12) a prime number?
True
Let m(i) = 356*i + 177. Is m(31) composite?
False
Let l(b) = -4085*b + 276. Is l(-5) composite?
True
Let m be -2 + 56/24 - (-28)/6. Suppose -5*l + 5*r + 285 = 0, -3*l = -m*r - 177 + 6. Is l prime?
False
Suppose 4*a + 1130 = 5*f, -1125 = -5*f + 6*a - a. Suppose -i - f = -717. Is i prime?
True
Suppose 0 = 3*x + k - 3714, k - 4944 = -4*x - 3*k. Let i = x - 44. Is i a prime number?
False
Let u(i) = 3*i**2 - 6. Let z be u(-5). Let l(c) = 141*c + 2 - 1 + z*c. Is l(1) a prime number?
True
Let g(d) = 33*d + 1. Let a be g(2). Suppose 133 = 5*b - a. Suppose -f + 5*l - b = -103, -96 = -2*f - 5*l. Is f prime?
True
Is -1*(-8)/(-36) - 272902/(-18) a composite number?
False
Let u(b) = -8*b**3 - 2*b**2 - 3*b + 16. Let g be u(-4). Suppose 15 = 5*a - 10. Suppose -g = l - 5*l + 2*d, -a*l - 4*d + 635 = 0. Is l composite?
False
Let q = 26 + -26. Suppose 0 = 5*k + 2*y - 2235, -5*k + q*k + 2220 = -y. Is k prime?
False
Is (1 - 4)*3/9 - -1192 composite?
True
Let q = -51 - -343. Suppose -o - 744 = -5*y, 0 = 5*y - 3*o - 450 - q. Is y a prime number?
True
Let m be (-6)/(-21) - (-856)/(-7). Let t be 14/(-91) + (-2206)/26. Let z = t - m. Is z a composite number?
False
Let o = 8 - 7. Let x(p) = p + p - o + 14*p. Is x(2) a composite number?
False
Let c(b) = 4 + 2 - b - 10. Let v be c(-4). Suppose 0 = -v*t + 2*t - 254. Is t a composite number?
False
Let b(w) = 1827*w - 22. Is b(3) a composite number?
True
Is 121648/6*24/32 a prime number?
False
Let b(g) = -7*g**2 - 67*g + 5. Is b(-7) composite?
False
Suppose -16 - 8 = 2*b. Let p be 111*(16/b)/(-4). Let x = 80 - p. Is x prime?
True
Suppose 3*b + 5 - 2 = 0. Let j(x) = -413*x**2 + 7*x + 5. Let z(f) = 206*f**2 - 4*f - 3. Let i(p) = -4*j(p) - 7*z(p). Is i(b) prime?
True
Let l(k) = 2*k**2 + 8*k - 6. Suppose 5*h = -9 - 26. Let a be l(h). Suppose a = g - 11. Is g prime?
True
Let x = 43 - 15. Is (8/x - (-300)/28)*149 a prime number?
False
Let x(t) = t**2 - 8*t + 9151. Is x(0) prime?
True
Suppose -2 = w - 22. Let a = w - 20. Suppose 5*m - 3*u = 6, -2*u + 6 = -a*u. Is m prime?
True
Suppose 3*x + 4*d - 12 = 7*x, 6 = 3*d. Let k be (3 + -6)/3 - x. Suppose k = -0*w + w - 67. Is w prime?
True
Suppose -490319 = 7*d - 48*d. Is d prime?
True
Suppose -2*r - 4*s - 9485 = -3*r, -9495 = -r + 2*s. Is r prime?
False
Suppose 5*a + 5*t - 10*t - 16015 = 0, t = -3*a + 9609. Is a composite?
False
Let s = 63733 + -43956. Is s a composite number?
False
Suppose 8*r - 3337 = 38431. Is r a composite number?
True
Suppose -3*b + 5*b - 4714 = 0. Is b a prime number?
True
Let g = 2199 - 458. Is g composite?
False
Suppose 31 = -a - 4*i, 0 = 5*a - i + 123 + 116. Let v(k) = 10*k**3 - 4*k**2 + 3*k - 1. Let x be v(2). Let p = x + a. Is p a prime number?
False
Let h be (9/(-6))/(3/(-4)). Suppose 11 = h*z + 5. Suppose -4*o = -2*o - y - 4, 0 = z*o + y - 6. Is o composite?
False
Suppose -314 = 5*j - 4*j - x, 5*j = -5*x - 1590. Let p = -185 - j. Is p prime?
True
Is 87/522 + 103853/6 a composite number?
True
Suppose -15 = -4*m - 3*j + 4, 5*m + j - 10 = 0. Let v be 3 - m - 21 - 1. Is -5*(212/v - -2) a composite number?
False
Let q = 15 - 13. Let k = -5 + q. Is (27/k)/(3/(-2)) a composite number?
True
Suppose 0 = -3*w + w - 2. Let o be (-10)/10 + (3 - w). Let d(p) = 3*p**3 + 4*p**2 - 2*p. Is d(o) composite?
True
Let m(i) = -i**3 + 5*i**2 + 7*i + 2. Suppose -22*q - 12 = -24*q. Let t be m(q). Is 3/(-2) - (-1796)/t composite?
False
Let m(s) = -19*s**2 + 10 + 0*s + 9*s + 24*s**2 + 5*s. Is m(9) composite?
False
Suppose 6*i + 11234 = 68432. Is i a prime number?
True
Suppose -4*d + 105 = 29. Let p(u) = -2*u + 8*u**2 - d*u**2 - 3*u + 17*u**2 - 2. Is p(3) prime?
True
Is 3037*(4 - (-9)/(-3)) prime?
True
Let m = 29 + -25. Suppose x = t + 76, -4*x - m*t + 2*t = -310. Is x a composite number?
True
Let t(m) = 0 + 7 - 15*m**2 + 4*m + 4. Let u be t(-5). Let i = 293 - u. Is i composite?
False
Suppose -4*a = -0*v + 2*v - 6410, -5*v + a + 16014 = 0. Is v a composite number?
False
Let z(i) = i**2 + 12*i + 8. Let a be z(-9). Let r(x) = x**3 + 19*x**2 - 24*x - 5. Is r(a) prime?
False
Suppose 2*n = 3*y - 5469, -4964 = -5*y + 2*n + 4147. Is y composite?
True
Suppose 6*d = 12276 + 38478. Is d a prime number?
False
Is (9/((-36)/(-192292)))/1 composite?
False
Let s = -2949 + 4208. Is s a composite number?
False
Let a = -3 + 8. Suppose -a*t = 5*k - 215, t - 33 = -4*k + 22. Is ((-5)/3)/((-1)/t) prime?
False
Let w(h) = -2*h + 3. Let y be w(-3). Let v(u) = 11*u**2 - 13*u + 13. Is v(y) composite?
False
Suppose 0 = 3*j + 5*b - 0 - 1, -4*b = -3*j + 10. Is (4487/j)/((-25)/10 - -3) composite?
True
Is (-2484)/9*(-201)/12 + 6 composite?
True
Is ((0 - 1) + -4)/(4/(-177172)) composite?
True
Let n be (-1)/(-1*4/156). Is 2612/3 + 13/n a prime number?
False
Suppose 2*o + 10 = 0, -3*u - 2*o + 281 + 192 = 0. Is (2 - 3) + u + -2 a prime number?
False
Let s(i) = -179*i + 6. Let z(x) be the third derivative of -15*x**4/4 + x**3/2 + 3*x**2. Let m(p) = -6*s(p) + 13*z(p). Is m(-3) a prime number?
False
Let a = -7711 + 12008. Is a a composite number?
False
Suppose -3*v + 3*b = -69399, 69423 = -0*v + 3*v + 3*b. Is v a composite number?
True
Suppose 29*k = 26*k + o + 63272, -4*k + o + 84361 = 0. Is k a composite number?
False
Let a(l) = 83*l + 12. Let n(o) = -1. Let c(s) = -a(s) - 2*n(s). Let z be c(6). Is 2*z/8*-1 a composite number?
False
Suppose -35191 - 38877 = -4*x. Is x a composite number?
False
Suppose h + 7 = 9. Suppose -2*r = 3*r - 25. Suppose 2*z - 98 = -r*a - h*z, 2*z + 116 = 5*a. Is a a composite number?
True
Let v(a) = 194*a + 187. Is v(5) a composite number?
True
Suppose 699*c - 697*c = 6158. Is c a composite number?
False
Let w(p) = 258*p - 17. Suppose 5*r - 21 = 39. Is w(r) composite?
False
Let b(k) = -1793*k - 692. Is b(-11) a composite number?
False
Suppose 3*x = -4*x + 56. Suppose x = i + 5*c, 4*c = 2*i + 16 + 10. Is (-2)/i + 6465/35 a prime number?
False
Let c be ((-5)/2)/((-1)/2). Suppose 4*b + 5*m + 4 = 0, 0 = 3*b - 4*m - 14 - 14. Suppose -b*y + 347 = c*i, 0 = 4*y + i + i - 362. Is y a prime number?
False
Suppose -680 = -16*b + 15*b. Let c = 1691 - b. Is c a composite number?
True
Let h(t) = 27*t + 4. Suppose -5*s + 2 = -28. Let d be h(s). Suppose 4*g + d = 6*g. Is g composite?
False
Let u = -1793 - -3559. Let m = u + -685. Is m a composite number?
True
Let j(a) = -a**3 + 7*a**2 - 2*a + 4. Let r be j(4). Let b = r - -245. Is b composite?
True
Let d(h) be the first derivative of -11*h**3/6 + h**2/2 + 6*h - 4. Let g(i) be the first derivative of d(i). Is g(-12) composite?
True
Suppose 302251 + 52752 = 59*m. Is m a prime number?
False
Is (18/(-8))/3*(-826376)/318 a prime number?
True
Let z(f) = -f**3 - 8*f**2 - 7*f + 2. Let t be z(-7). Let o be ((-4)/5)/(10/(-5650)). Suppose 0*r + t*r = o. Is r composite?
True
Let q(y) = -12324*y + 127. Is q(-1) composite?
False
Suppose 8*c + 57507 = 9*c - 4*i, -2*c - 5*i = -114949. Is c a composite number?
False
Let r(l) = 2287*l**2 + 24*l + 13. Is r(-6) prime?
False
Let v(w) = 16*w**2 + 27*w - 64. Is v(3) a prime number?
False
Let y = 5147 + -3384. Suppose y = 5*k + t, -3*k + 5*k = -3*t + 700. Is k a composite number?
False
Let b = -6 - -5. Let z(a) = -2*a**3 + a**2 - a - 2. Let m be z(b). Suppose 170 = m*h - 60. Is h a prime number?
False
Let w be 2/8 - 76/(-16). Let y(i) = 10*i + 3 - 8*i + w*i**2 - 5*i. Is y(-4) a composite number?
True
